{"id":8606,"date":"2026-01-27T12:01:19","date_gmt":"2026-01-27T10:01:19","guid":{"rendered":"https:\/\/adriatik-kamp.com\/mobilheim-mit-blick-auf-den-campingplatz\/"},"modified":"2026-04-27T14:23:11","modified_gmt":"2026-04-27T12:23:11","slug":"mobilhazak-kilatassal-a-kempingre","status":"publish","type":"page","link":"https:\/\/adriatik-kamp.com\/hu\/mobilhazak-kilatassal-a-kempingre\/","title":{"rendered":"Mobilh\u00e1zak kil\u00e1t\u00e1ssal a kempingre"},"content":{"rendered":"<div class=\"wpb-content-wrapper\"><p>[vc_row][vc_column width=&#8221;1\/2&#8243;][vc_custom_heading uncode_shortcode_id=&#8221;673940&#8243;]<\/p>\n<h1><strong>Mobilheim mit Blick auf den Campingplatz<\/strong><\/h1>\n<p>[\/vc_custom_heading][vc_column_text uncode_shortcode_id=&#8221;122251&#8243;]A tenger k\u00f6zvetlen k\u00f6zel\u00e9ben tal\u00e1lhat\u00f3 modern mobilh\u00e1zaink a kempingez\u00e9s szabads\u00e1g\u00e1t \u00f6tv\u00f6zik a pr\u00e9mium sz\u00e1ll\u00e1s k\u00e9nyelm\u00e9vel, mediterr\u00e1n k\u00f6rnyezetben.<\/p>\n<p>Minden mobilh\u00e1z (32 m\u00b2) l\u00e9gkondicion\u00e1lt \u00e9s teljesen felszerelt, hogy ak\u00e1r 6 f\u0151 (4+2) is gondtalan nyaral\u00e1st t\u00f6lthessen el benne.<\/p>\n<p>A mobilh\u00e1zak h\u00e1zi\u00e1llatbar\u00e1tok \u00e9s ide\u00e1lisak egy term\u00e9szeti k\u00f6rnyezetben elt\u00f6lt\u00f6tt csal\u00e1di nyaral\u00e1shoz, gy\u00f6ny\u00f6r\u0171 kil\u00e1t\u00e1ssal a kempingre \u00e9s k\u00f6rny\u00e9k\u00e9re.[\/vc_column_text][vc_column_text uncode_shortcode_id=&#8221;918303&#8243;]<strong>A mobilh\u00e1z felszerelts\u00e9ge:<\/strong>[\/vc_column_text][uncode_list icon=&#8221;fa fa-check&#8221; uncode_shortcode_id=&#8221;202742&#8243;]<\/p>\n<ul>\n<li>K\u00e9t h\u00e1l\u00f3szoba \u2013 f\u0151 h\u00e1l\u00f3szoba francia\u00e1ggyal (160 x 200 cm) \u00e9s egy h\u00e1l\u00f3szoba k\u00e9t egyszem\u00e9lyes \u00e1ggyal (84 x 200 cm)<\/li>\n<li>K\u00e9t modern f\u00fcrd\u0151szoba zuhanyz\u00f3val \u00e9s WC-vel<\/li>\n<li>Nappali sarokkanap\u00e9val, amely p\u00f3t\u00e1gyk\u00e9nt is haszn\u00e1lhat\u00f3 (140 x 190 cm)<\/li>\n<li>Teljesen felszerelt konyha: elektromos t\u0171zhely, mosogat\u00f3g\u00e9p, h\u0171t\u0151szekr\u00e9ny fagyaszt\u00f3val, sz\u0171r\u0151s k\u00e1v\u00e9f\u0151z\u0151, v\u00edzforral\u00f3, ed\u00e9nyek \u00e9s ev\u0151eszk\u00f6z\u00f6k<\/li>\n<li>\u00c9tkez\u0151asztal 4 sz\u00e9kkel<\/li>\n<li>M\u0171holdas TV, Wi-Fi, l\u00e9gkondicion\u00e1l\u00f3<\/li>\n<li>\u00c1gynem\u0171 (heti cser\u00e9vel) \u00e9s t\u00f6r\u00f6lk\u00f6z\u0151 (h\u00e1romnaponta cser\u00e9vel)<\/li>\n<li>Terasz (20 m\u00b2) napellenz\u0151vel, \u00fcl\u0151garnit\u00far\u00e1val \u00e9s k\u00e9t strandsz\u00e9kkel<\/li>\n<li>Rovarv\u00e9d\u0151 h\u00e1l\u00f3k minden ablakon<\/li>\n<li>Saj\u00e1t parkol\u00f3 a mobilh\u00e1z mellett<\/li>\n<\/ul>\n<p>[\/uncode_list][vc_button button_color=&#8221;accent&#8221; size=&#8221;btn-sm&#8221; border_width=&#8221;0&#8243; link=&#8221;url:https%3A%2F%2Fsecure.phobs.net%2Fbook.php%3Fpage%3Davailability%26companyid%3D1511%26hotelid%3D7093%26checkin%3D2026-04-27%26checkout%3D2026-04-28%26rateid%3D534411%26rate%3D534411%26crcid%3Dd0d174283f6b41cfcdcb520c8539ef62&#8243; button_color_type=&#8221;uncode-palette&#8221; uncode_shortcode_id=&#8221;140868&#8243;]Foglal\u00e1s[\/vc_button][vc_single_image media=&#8221;7248&#8243; media_width_percent=&#8221;100&#8243; uncode_shortcode_id=&#8221;102038&#8243;][\/vc_column][vc_column width=&#8221;1\/2&#8243;][vc_gallery el_id=&#8221;gallery-731742&#8243; medias=&#8221;7178,7185,7199,7206,7220,7234,7192&#8243; gutter_size=&#8221;3&#8243; single_overlay_opacity=&#8221;50&#8243; single_padding=&#8221;2&#8243; uncode_shortcode_id=&#8221;167543&#8243; title=&#8221;Mobilh\u00e1zak kil\u00e1t\u00e1ssal a kempingre&#8221;][\/vc_column][\/vc_row]<\/p>\n<\/div>","protected":false},"excerpt":{"rendered":"<p>[vc_row][vc_column width=&#8221;1\/2&#8243;][vc_custom_heading uncode_shortcode_id=&#8221;673940&#8243;] Mobilheim mit Blick auf den Campingplatz [\/vc_custom_heading][vc_column_text uncode_shortcode_id=&#8221;122251&#8243;]A tenger k\u00f6zvetlen k\u00f6zel\u00e9ben tal\u00e1lhat\u00f3 modern mobilh\u00e1zaink a kempingez\u00e9s szabads\u00e1g\u00e1t [&hellip;]<\/p>\n","protected":false},"author":6,"featured_media":0,"parent":0,"menu_order":0,"comment_status":"closed","ping_status":"closed","template":"","meta":{"footnotes":""},"class_list":["post-8606","page","type-page","status-publish","hentry"],"_links":{"self":[{"href":"https:\/\/adriatik-kamp.com\/hu\/wp-json\/wp\/v2\/pages\/8606","targetHints":{"allow":["GET"]}}],"collection":[{"href":"https:\/\/adriatik-kamp.com\/hu\/wp-json\/wp\/v2\/pages"}],"about":[{"href":"https:\/\/adriatik-kamp.com\/hu\/wp-json\/wp\/v2\/types\/page"}],"author":[{"embeddable":true,"href":"https:\/\/adriatik-kamp.com\/hu\/wp-json\/wp\/v2\/users\/6"}],"replies":[{"embeddable":true,"href":"https:\/\/adriatik-kamp.com\/hu\/wp-json\/wp\/v2\/comments?post=8606"}],"version-history":[{"count":5,"href":"https:\/\/adriatik-kamp.com\/hu\/wp-json\/wp\/v2\/pages\/8606\/revisions"}],"predecessor-version":[{"id":14261,"href":"https:\/\/adriatik-kamp.com\/hu\/wp-json\/wp\/v2\/pages\/8606\/revisions\/14261"}],"wp:attachment":[{"href":"https:\/\/adriatik-kamp.com\/hu\/wp-json\/wp\/v2\/media?parent=8606"}],"curies":[{"name":"wp","href":"https:\/\/api.w.org\/{rel}","templated":true}]}}

Mobilházak kilátással a kempingre

<div class="wpb-content-wrapper"><p>[vc_row][vc_column width=&#8221;1/2&#8243;][vc_custom_heading uncode_shortcode_id=&#8221;673940&#8243;]</p>
<h1><strong>Mobilheim mit Blick auf den Campingplatz</strong></h1>
<p>[/vc_custom_heading][vc_column_text uncode_shortcode_id=&#8221;122251&#8243;]A tenger közvetlen közelében található modern mobilházaink a kempingezés szabadságát ötvözik a prémium szállás kényelmével, mediterrán környezetben.</p>
<p>Minden mobilház (32 m²) légkondicionált és teljesen felszerelt, hogy akár 6 fő (4+2) is gondtalan nyaralást tölthessen el benne.</p>
<p>A mobilházak háziállatbarátok és ideálisak egy természeti környezetben eltöltött családi nyaraláshoz, gyönyörű kilátással a kempingre és környékére.[/vc_column_text][vc_column_text uncode_shortcode_id=&#8221;918303&#8243;]<strong>A mobilház felszereltsége:</strong>[/vc_column_text][uncode_list icon=&#8221;fa fa-check&#8221; uncode_shortcode_id=&#8221;202742&#8243;]</p>
<ul>
<li>Két hálószoba – fő hálószoba franciaággyal (160 x 200 cm) és egy hálószoba két egyszemélyes ággyal (84 x 200 cm)</li>
<li>Két modern fürdőszoba zuhanyzóval és WC-vel</li>
<li>Nappali sarokkanapéval, amely pótágyként is használható (140 x 190 cm)</li>
<li>Teljesen felszerelt konyha: elektromos tűzhely, mosogatógép, hűtőszekrény fagyasztóval, szűrős kávéfőző, vízforraló, edények és evőeszközök</li>
<li>Étkezőasztal 4 székkel</li>
<li>Műholdas TV, Wi-Fi, légkondicionáló</li>
<li>Ágynemű (heti cserével) és törölköző (háromnaponta cserével)</li>
<li>Terasz (20 m²) napellenzővel, ülőgarnitúrával és két strandszékkel</li>
<li>Rovarvédő hálók minden ablakon</li>
<li>Saját parkoló a mobilház mellett</li>
</ul>
<p>[/uncode_list][vc_button button_color=&#8221;accent&#8221; size=&#8221;btn-sm&#8221; border_width=&#8221;0&#8243; link=&#8221;url:https%3A%2F%2Fsecure.phobs.net%2Fbook.php%3Fpage%3Davailability%26companyid%3D1511%26hotelid%3D7093%26checkin%3D2026-04-27%26checkout%3D2026-04-28%26rateid%3D534411%26rate%3D534411%26crcid%3Dd0d174283f6b41cfcdcb520c8539ef62&#8243; button_color_type=&#8221;uncode-palette&#8221; uncode_shortcode_id=&#8221;140868&#8243;]Foglalás[/vc_button][vc_single_image media=&#8221;7248&#8243; media_width_percent=&#8221;100&#8243; uncode_shortcode_id=&#8221;102038&#8243;][/vc_column][vc_column width=&#8221;1/2&#8243;][vc_gallery el_id=&#8221;gallery-731742&#8243; medias=&#8221;7178,7185,7199,7206,7220,7234,7192&#8243; gutter_size=&#8221;3&#8243; single_overlay_opacity=&#8221;50&#8243; single_padding=&#8221;2&#8243; uncode_shortcode_id=&#8221;167543&#8243; title=&#8221;Mobilházak kilátással a kempingre&#8221;][/vc_column][/vc_row]</p>
</div>

<p>[vc_row][vc_column width=&#8221;1/2&#8243;][vc_custom_heading uncode_shortcode_id=&#8221;673940&#8243;] Mobilheim mit Blick auf den Campingplatz [/vc_custom_heading][vc_column_text uncode_shortcode_id=&#8221;122251&#8243;]A tenger közvetlen közelében található modern mobilházaink a kempingezés szabadságát [&hellip;]</p>
