{"id":6439,"date":"2022-08-01T13:39:05","date_gmt":"2022-08-01T11:39:05","guid":{"rendered":"https:\/\/adriatik-kamp.com\/mobile-homes\/"},"modified":"2022-08-03T17:01:40","modified_gmt":"2022-08-03T15:01:40","slug":"mobilne-kucice","status":"publish","type":"page","link":"https:\/\/adriatik-kamp.com\/hr\/mobilne-kucice\/","title":{"rendered":"Mobilne Ku\u0107ice"},"content":{"rendered":"<div class=\"wpb-content-wrapper\"><p>[vc_row row_height_percent=&#8221;0&#8243; override_padding=&#8221;yes&#8221; h_padding=&#8221;2&#8243; top_padding=&#8221;3&#8243; bottom_padding=&#8221;0&#8243; overlay_alpha=&#8221;50&#8243; gutter_size=&#8221;3&#8243; column_width_percent=&#8221;100&#8243; shift_y=&#8221;0&#8243; z_index=&#8221;0&#8243; uncode_shortcode_id=&#8221;157487&#8243;][vc_column column_width_percent=&#8221;100&#8243; position_horizontal=&#8221;left&#8221; gutter_size=&#8221;3&#8243; back_color=&#8221;color-207971&#8243; overlay_alpha=&#8221;50&#8243; border_color=&#8221;color-platinum&#8221; border_style=&#8221;solid&#8221; shift_x=&#8221;0&#8243; shift_y=&#8221;0&#8243; shift_y_down=&#8221;0&#8243; z_index=&#8221;0&#8243; medium_width=&#8221;0&#8243; mobile_width=&#8221;0&#8243; radius=&#8221;xs&#8221; width=&#8221;1\/1&#8243; css=&#8221;.vc_custom_1659359108232{border-left-width: 3px !important;}&#8221; uncode_shortcode_id=&#8221;873265&#8243; back_color_type=&#8221;uncode-palette&#8221; back_color_solid=&#8221;#ff0000&#8243; overlay_color_type=&#8221;uncode-palette&#8221; overlay_color_solid=&#8221;#ff0000&#8243; border_color_type=&#8221;uncode-palette&#8221; border_color_solid=&#8221;#ff0000&#8243;][vc_row_inner limit_content=&#8221;&#8221;][vc_column_inner width=&#8221;1\/2&#8243;][uncode_breadcrumbs text_lead=&#8221;small&#8221;][vc_custom_heading auto_text=&#8221;yes&#8221; heading_semantic=&#8221;h3&#8243; text_size=&#8221;h1&#8243; text_weight=&#8221;700&#8243; uncode_shortcode_id=&#8221;103071&#8243;][\/vc_custom_heading][vc_column_text uncode_shortcode_id=&#8221;179350&#8243;]U neposrednoj blizini mora, smje\u0161tene su na\u0161e nove mobilne ku\u0107ice, koje nude udobnost u mediteranskom okru\u017eenju. Mobile ku\u0107ice nude istovremeno slobodu kampiranja i udobnost vrhunskog smje\u0161taja. Klimatizirane mobilne ku\u0107ice su moderno opremljene svim ku\u0107anskim aparatima, satelitskom televizijom, a prostrana natkrivena terasa sa sjede\u0107om garniturom pru\u017ea nezaboravan pogled na more i divne zalaske sunca.<\/p>\n<p>Mobilna ku\u0107ica pru\u017ea komfortni smje\u0161taj za 4 osobe te mogu\u0107nost le\u017eaja za dodatne dvije osobe u predjelu dnevnog boravka[\/vc_column_text][\/vc_column_inner][vc_column_inner width=&#8221;1\/2&#8243;][vc_single_image media=&#8221;6470&#8243; media_lightbox=&#8221;yes&#8221; media_width_percent=&#8221;100&#8243; shape=&#8221;img-round&#8221; radius=&#8221;std&#8221; uncode_shortcode_id=&#8221;209874&#8243;][\/vc_column_inner][\/vc_row_inner][vc_custom_heading heading_semantic=&#8221;h5&#8243; text_size=&#8221;h5&#8243; text_weight=&#8221;700&#8243; uncode_shortcode_id=&#8221;171282&#8243;]Tehni\u010dki detalji[\/vc_custom_heading][vc_row_inner limit_content=&#8221;&#8221;][vc_column_inner width=&#8221;1\/2&#8243;][uncode_list icon=&#8221;fa fa-check&#8221; icon_color=&#8221;color-oxford&#8221; uncode_shortcode_id=&#8221;161942&#8243; icon_color_type=&#8221;uncode-palette&#8221;]<\/p>\n<ul>\n<li>Ukupna povr\u0161ina mobilne ku\u0107ice 30 m<sup>2<\/sup><\/li>\n<li>Jedna dvokrevetna soba s bra\u010dnim krevetom veli\u010dine 160 x 210 cm (madraci 80 x 210 cm)<\/li>\n<li>Jedna dvokrevetna soba s dva kreveta veli\u010dine 80 x 200 cm<\/li>\n<li>Dnevni prostor \/ blagovaonica<\/li>\n<li>Kuhinja sa sudoperom, elektri\u010dni \u0161tednjakom, perilicom su\u0111a, kuhalom za vodu, hladnjakom s ledenicom<\/li>\n<li>Sjede\u0107a garnitura, stol i stolice<\/li>\n<li>SAT-TV<\/li>\n<li>2 kupatila s tu\u0161em, umivaonikom i WC<\/li>\n<li>Klimatizacijski ure\u0111aj (uklju\u010den u cijenu)<\/li>\n<li>pribor za kuhanje i jelo<\/li>\n<li>posteljina (tjedna izmjena), ru\u010dnici\u00a0(izmjena dva puta tjedno)<\/li>\n<li>stalak za su\u0161enje rublja<\/li>\n<li>vanjska garnitura za sjedenje na terasi<\/li>\n<li>elektri\u010dna struja\u00a0(220 V &#8211; max. 16 A)<\/li>\n<li>osnovni pribor za \u010di\u0161\u0107enje<\/li>\n<li>Natkrivena terasa 8\u00d72,5m sa vrtnom garniturom<\/li>\n<li>Za\u0161titna mre\u017ea od insekata na svim prozorima<\/li>\n<\/ul>\n<p>[\/uncode_list][\/vc_column_inner][vc_column_inner width=&#8221;1\/2&#8243;][vc_single_image media=&#8221;6451&#8243; media_lightbox=&#8221;yes&#8221; media_width_percent=&#8221;100&#8243; shape=&#8221;img-round&#8221; radius=&#8221;std&#8221; uncode_shortcode_id=&#8221;556727&#8243;][\/vc_column_inner][\/vc_row_inner][\/vc_column][\/vc_row][vc_row row_height_percent=&#8221;0&#8243; override_padding=&#8221;yes&#8221; h_padding=&#8221;2&#8243; top_padding=&#8221;2&#8243; bottom_padding=&#8221;3&#8243; overlay_alpha=&#8221;50&#8243; gutter_size=&#8221;3&#8243; column_width_percent=&#8221;100&#8243; shift_y=&#8221;0&#8243; z_index=&#8221;0&#8243; uncode_shortcode_id=&#8221;179816&#8243;][vc_column width=&#8221;1\/1&#8243;][vc_gallery el_id=&#8221;gallery-106302&#8243; medias=&#8221;6263,6271,6275,6279,6283,6287,6291,6251,6295,6299,6255,6267,6259,6243,6303,6311,6315,6323,6327,6331,6335,6339,6347,6355,6359,6363,6367,6371,6375,6379,6383,6387,6391,6395,6399,6403,6407,6411,6415,6419,6423&#8243; infinite=&#8221;yes&#8221; infinite_preloaded_items=&#8221;19&#8243; infinite_loading_items=&#8221;19&#8243; gutter_size=&#8221;3&#8243; media_items=&#8221;media|lightbox|original,icon|md&#8221; screen_lg=&#8221;1000&#8243; screen_md=&#8221;600&#8243; screen_sm=&#8221;480&#8243; images_size=&#8221;four-three&#8221; single_shape=&#8221;round&#8221; radius=&#8221;std&#8221; single_overlay_color=&#8221;color-oxford&#8221; single_overlay_coloration=&#8221;bottom_gradient&#8221; single_overlay_opacity=&#8221;60&#8243; single_image_anim=&#8221;no&#8221; single_h_align=&#8221;center&#8221; single_v_position=&#8221;bottom&#8221; single_padding=&#8221;2&#8243; single_icon=&#8221;fa fa-zoom-in&#8221; single_shadow=&#8221;yes&#8221; shadow_weight=&#8221;std&#8221; single_border=&#8221;yes&#8221; single_css_animation=&#8221;top-t-bottom&#8221; uncode_shortcode_id=&#8221;181244&#8243; gallery_back_color_type=&#8221;uncode-palette&#8221; gallery_back_color_solid=&#8221;#ff0000&#8243;][\/vc_column][\/vc_row]<\/p>\n<\/div>","protected":false},"excerpt":{"rendered":"<p>[vc_row row_height_percent=&#8221;0&#8243; override_padding=&#8221;yes&#8221; h_padding=&#8221;2&#8243; top_padding=&#8221;3&#8243; bottom_padding=&#8221;0&#8243; overlay_alpha=&#8221;50&#8243; gutter_size=&#8221;3&#8243; column_width_percent=&#8221;100&#8243; shift_y=&#8221;0&#8243; z_index=&#8221;0&#8243; uncode_shortcode_id=&#8221;157487&#8243;][vc_column column_width_percent=&#8221;100&#8243; position_horizontal=&#8221;left&#8221; gutter_size=&#8221;3&#8243; back_color=&#8221;color-207971&#8243; overlay_alpha=&#8221;50&#8243; border_color=&#8221;color-platinum&#8221; border_style=&#8221;solid&#8221; shift_x=&#8221;0&#8243; [&hellip;]<\/p>\n","protected":false},"author":6,"featured_media":0,"parent":0,"menu_order":0,"comment_status":"closed","ping_status":"closed","template":"","meta":{"footnotes":""},"class_list":["post-6439","page","type-page","status-publish","hentry"],"_links":{"self":[{"href":"https:\/\/adriatik-kamp.com\/hr\/wp-json\/wp\/v2\/pages\/6439","targetHints":{"allow":["GET"]}}],"collection":[{"href":"https:\/\/adriatik-kamp.com\/hr\/wp-json\/wp\/v2\/pages"}],"about":[{"href":"https:\/\/adriatik-kamp.com\/hr\/wp-json\/wp\/v2\/types\/page"}],"author":[{"embeddable":true,"href":"https:\/\/adriatik-kamp.com\/hr\/wp-json\/wp\/v2\/users\/6"}],"replies":[{"embeddable":true,"href":"https:\/\/adriatik-kamp.com\/hr\/wp-json\/wp\/v2\/comments?post=6439"}],"version-history":[{"count":0,"href":"https:\/\/adriatik-kamp.com\/hr\/wp-json\/wp\/v2\/pages\/6439\/revisions"}],"wp:attachment":[{"href":"https:\/\/adriatik-kamp.com\/hr\/wp-json\/wp\/v2\/media?parent=6439"}],"curies":[{"name":"wp","href":"https:\/\/api.w.org\/{rel}","templated":true}]}}

Mobilne Kućice

<div class="wpb-content-wrapper"><p>[vc_row row_height_percent=&#8221;0&#8243; override_padding=&#8221;yes&#8221; h_padding=&#8221;2&#8243; top_padding=&#8221;3&#8243; bottom_padding=&#8221;0&#8243; overlay_alpha=&#8221;50&#8243; gutter_size=&#8221;3&#8243; column_width_percent=&#8221;100&#8243; shift_y=&#8221;0&#8243; z_index=&#8221;0&#8243; uncode_shortcode_id=&#8221;157487&#8243;][vc_column column_width_percent=&#8221;100&#8243; position_horizontal=&#8221;left&#8221; gutter_size=&#8221;3&#8243; back_color=&#8221;color-207971&#8243; overlay_alpha=&#8221;50&#8243; border_color=&#8221;color-platinum&#8221; border_style=&#8221;solid&#8221; shift_x=&#8221;0&#8243; shift_y=&#8221;0&#8243; shift_y_down=&#8221;0&#8243; z_index=&#8221;0&#8243; medium_width=&#8221;0&#8243; mobile_width=&#8221;0&#8243; radius=&#8221;xs&#8221; width=&#8221;1/1&#8243; css=&#8221;.vc_custom_1659359108232{border-left-width: 3px !important;}&#8221; uncode_shortcode_id=&#8221;873265&#8243; back_color_type=&#8221;uncode-palette&#8221; back_color_solid=&#8221;#ff0000&#8243; overlay_color_type=&#8221;uncode-palette&#8221; overlay_color_solid=&#8221;#ff0000&#8243; border_color_type=&#8221;uncode-palette&#8221; border_color_solid=&#8221;#ff0000&#8243;][vc_row_inner limit_content=&#8221;&#8221;][vc_column_inner width=&#8221;1/2&#8243;][uncode_breadcrumbs text_lead=&#8221;small&#8221;][vc_custom_heading auto_text=&#8221;yes&#8221; heading_semantic=&#8221;h3&#8243; text_size=&#8221;h1&#8243; text_weight=&#8221;700&#8243; uncode_shortcode_id=&#8221;103071&#8243;][/vc_custom_heading][vc_column_text uncode_shortcode_id=&#8221;179350&#8243;]U neposrednoj blizini mora, smještene su naše nove mobilne kućice, koje nude udobnost u mediteranskom okruženju. Mobile kućice nude istovremeno slobodu kampiranja i udobnost vrhunskog smještaja. Klimatizirane mobilne kućice su moderno opremljene svim kućanskim aparatima, satelitskom televizijom, a prostrana natkrivena terasa sa sjedećom garniturom pruža nezaboravan pogled na more i divne zalaske sunca.</p>
<p>Mobilna kućica pruža komfortni smještaj za 4 osobe te mogućnost ležaja za dodatne dvije osobe u predjelu dnevnog boravka[/vc_column_text][/vc_column_inner][vc_column_inner width=&#8221;1/2&#8243;][vc_single_image media=&#8221;6470&#8243; media_lightbox=&#8221;yes&#8221; media_width_percent=&#8221;100&#8243; shape=&#8221;img-round&#8221; radius=&#8221;std&#8221; uncode_shortcode_id=&#8221;209874&#8243;][/vc_column_inner][/vc_row_inner][vc_custom_heading heading_semantic=&#8221;h5&#8243; text_size=&#8221;h5&#8243; text_weight=&#8221;700&#8243; uncode_shortcode_id=&#8221;171282&#8243;]Tehnički detalji[/vc_custom_heading][vc_row_inner limit_content=&#8221;&#8221;][vc_column_inner width=&#8221;1/2&#8243;][uncode_list icon=&#8221;fa fa-check&#8221; icon_color=&#8221;color-oxford&#8221; uncode_shortcode_id=&#8221;161942&#8243; icon_color_type=&#8221;uncode-palette&#8221;]</p>
<ul>
<li>Ukupna površina mobilne kućice 30 m<sup>2</sup></li>
<li>Jedna dvokrevetna soba s bračnim krevetom veličine 160 x 210 cm (madraci 80 x 210 cm)</li>
<li>Jedna dvokrevetna soba s dva kreveta veličine 80 x 200 cm</li>
<li>Dnevni prostor / blagovaonica</li>
<li>Kuhinja sa sudoperom, električni štednjakom, perilicom suđa, kuhalom za vodu, hladnjakom s ledenicom</li>
<li>Sjedeća garnitura, stol i stolice</li>
<li>SAT-TV</li>
<li>2 kupatila s tušem, umivaonikom i WC</li>
<li>Klimatizacijski uređaj (uključen u cijenu)</li>
<li>pribor za kuhanje i jelo</li>
<li>posteljina (tjedna izmjena), ručnici (izmjena dva puta tjedno)</li>
<li>stalak za sušenje rublja</li>
<li>vanjska garnitura za sjedenje na terasi</li>
<li>električna struja (220 V &#8211; max. 16 A)</li>
<li>osnovni pribor za čišćenje</li>
<li>Natkrivena terasa 8×2,5m sa vrtnom garniturom</li>
<li>Zaštitna mreža od insekata na svim prozorima</li>
</ul>
<p>[/uncode_list][/vc_column_inner][vc_column_inner width=&#8221;1/2&#8243;][vc_single_image media=&#8221;6451&#8243; media_lightbox=&#8221;yes&#8221; media_width_percent=&#8221;100&#8243; shape=&#8221;img-round&#8221; radius=&#8221;std&#8221; uncode_shortcode_id=&#8221;556727&#8243;][/vc_column_inner][/vc_row_inner][/vc_column][/vc_row][vc_row row_height_percent=&#8221;0&#8243; override_padding=&#8221;yes&#8221; h_padding=&#8221;2&#8243; top_padding=&#8221;2&#8243; bottom_padding=&#8221;3&#8243; overlay_alpha=&#8221;50&#8243; gutter_size=&#8221;3&#8243; column_width_percent=&#8221;100&#8243; shift_y=&#8221;0&#8243; z_index=&#8221;0&#8243; uncode_shortcode_id=&#8221;179816&#8243;][vc_column width=&#8221;1/1&#8243;][vc_gallery el_id=&#8221;gallery-106302&#8243; medias=&#8221;6263,6271,6275,6279,6283,6287,6291,6251,6295,6299,6255,6267,6259,6243,6303,6311,6315,6323,6327,6331,6335,6339,6347,6355,6359,6363,6367,6371,6375,6379,6383,6387,6391,6395,6399,6403,6407,6411,6415,6419,6423&#8243; infinite=&#8221;yes&#8221; infinite_preloaded_items=&#8221;19&#8243; infinite_loading_items=&#8221;19&#8243; gutter_size=&#8221;3&#8243; media_items=&#8221;media|lightbox|original,icon|md&#8221; screen_lg=&#8221;1000&#8243; screen_md=&#8221;600&#8243; screen_sm=&#8221;480&#8243; images_size=&#8221;four-three&#8221; single_shape=&#8221;round&#8221; radius=&#8221;std&#8221; single_overlay_color=&#8221;color-oxford&#8221; single_overlay_coloration=&#8221;bottom_gradient&#8221; single_overlay_opacity=&#8221;60&#8243; single_image_anim=&#8221;no&#8221; single_h_align=&#8221;center&#8221; single_v_position=&#8221;bottom&#8221; single_padding=&#8221;2&#8243; single_icon=&#8221;fa fa-zoom-in&#8221; single_shadow=&#8221;yes&#8221; shadow_weight=&#8221;std&#8221; single_border=&#8221;yes&#8221; single_css_animation=&#8221;top-t-bottom&#8221; uncode_shortcode_id=&#8221;181244&#8243; gallery_back_color_type=&#8221;uncode-palette&#8221; gallery_back_color_solid=&#8221;#ff0000&#8243;][/vc_column][/vc_row]</p>
</div>
